CRAN Package Check Results for Package modelwordcloud

Last updated on 2022-09-28 15:49:59 CEST.

Flavor Version Tinstall Tcheck Ttotal Status Flags
r-devel-linux-x86_64-debian-clang 0.1 2.25 24.87 27.12 NOTE
r-devel-linux-x86_64-debian-gcc 0.1 1.35 19.67 21.02 NOTE
r-devel-linux-x86_64-fedora-clang 0.1 46.15 NOTE
r-devel-linux-x86_64-fedora-gcc 0.1 42.82 NOTE
r-devel-windows-x86_64 0.1 14.00 54.00 68.00 NOTE
r-patched-linux-x86_64 0.1 2.11 24.42 26.53 NOTE
r-release-linux-x86_64 0.1 1.62 24.16 25.78 NOTE
r-release-macos-arm64 0.1 16.00 NOTE
r-release-macos-x86_64 0.1 21.00 NOTE
r-release-windows-x86_64 0.1 15.00 50.00 65.00 NOTE
r-oldrel-macos-arm64 0.1 20.00 NOTE
r-oldrel-macos-x86_64 0.1 29.00 NOTE
r-oldrel-windows-ix86+x86_64 0.1 6.00 48.00 54.00 NOTE

Check Details

Version: 0.1
Check: LazyData
Result: NOTE
     'LazyData' is specified without a 'data' directory
Flavors: r-devel-linux-x86_64-debian-clang, r-devel-linux-x86_64-debian-gcc, r-devel-linux-x86_64-fedora-clang, r-devel-linux-x86_64-fedora-gcc, r-devel-windows-x86_64, r-patched-linux-x86_64, r-release-linux-x86_64, r-release-macos-arm64, r-release-macos-x86_64, r-release-windows-x86_64, r-oldrel-macos-arm64, r-oldrel-macos-x86_64, r-oldrel-windows-ix86+x86_64

Version: 0.1
Check: dependencies in R code
Result: NOTE
    Namespace in Imports field not imported from: ‘methods’
     All declared Imports should be used.
Flavors: r-devel-linux-x86_64-fedora-clang, r-devel-linux-x86_64-fedora-gcc, r-release-macos-arm64, r-release-macos-x86_64, r-oldrel-macos-arm64, r-oldrel-macos-x86_64