Last updated on 2022-05-23 15:53:40 CEST.
Flavor | Version | Tinstall | Tcheck | Ttotal | Status | Flags |
---|---|---|---|---|---|---|
r-devel-linux-x86_64-debian-clang | 0.2.0 | 37.20 | 426.85 | 464.05 | OK | |
r-devel-linux-x86_64-debian-gcc | 0.2.0 | 31.48 | 311.86 | 343.34 | OK | |
r-devel-linux-x86_64-fedora-clang | 0.2.0 | 560.58 | NOTE | |||
r-devel-linux-x86_64-fedora-gcc | 0.2.0 | 518.94 | NOTE | |||
r-devel-windows-x86_64 | 0.2.0 | 128.00 | 424.00 | 552.00 | OK | |
r-patched-linux-x86_64 | 0.2.0 | 35.46 | 395.23 | 430.69 | OK | |
r-release-linux-x86_64 | 0.2.0 | ERROR | ||||
r-release-macos-arm64 | 0.2.0 | 116.00 | NOTE | |||
r-release-macos-x86_64 | 0.2.0 | 226.00 | NOTE | |||
r-release-windows-x86_64 | 0.2.0 | 139.00 | 428.00 | 567.00 | OK | |
r-oldrel-macos-arm64 | 0.2.0 | 142.00 | NOTE | |||
r-oldrel-macos-x86_64 | 0.2.0 | 200.00 | NOTE | |||
r-oldrel-windows-ix86+x86_64 | 0.2.0 | 81.00 | 452.00 | 533.00 | OK |
Version: 0.2.0
Check: package dependencies
Result: NOTE
Imports includes 23 non-default packages.
Importing from so many packages makes the package vulnerable to any of
them becoming unavailable. Move as many as possible to Suggests and
use conditionally.
Flavor: r-devel-linux-x86_64-fedora-clang
Version: 0.2.0
Check: dependencies in R code
Result: NOTE
Namespaces in Imports field not imported from:
‘crayon’ ‘dials’ ‘glue’ ‘parsnip’
All declared Imports should be used.
Flavors: r-devel-linux-x86_64-fedora-clang, r-devel-linux-x86_64-fedora-gcc, r-release-macos-arm64, r-release-macos-x86_64, r-oldrel-macos-arm64, r-oldrel-macos-x86_64
Version: 0.2.0
Check: package dependencies
Result: ERROR
Package required but not available: ‘modeltime’
See section ‘The DESCRIPTION file’ in the ‘Writing R Extensions’
manual.
Flavor: r-release-linux-x86_64