Last updated on 2022-06-29 03:52:45 CEST.
Flavor | Version | Tinstall | Tcheck | Ttotal | Status | Flags |
---|---|---|---|---|---|---|
r-devel-linux-x86_64-debian-clang | 0.2.0 | 1.75 | 23.45 | 25.20 | OK | |
r-devel-linux-x86_64-debian-gcc | 0.2.0 | 1.95 | 18.81 | 20.76 | OK | |
r-devel-linux-x86_64-fedora-clang | 0.2.0 | 43.03 | NOTE | |||
r-devel-linux-x86_64-fedora-gcc | 0.2.0 | 41.54 | NOTE | |||
r-devel-windows-x86_64 | 0.2.0 | 51.00 | 50.00 | 101.00 | OK | |
r-patched-linux-x86_64 | 0.2.0 | 2.45 | 23.19 | 25.64 | OK | |
r-release-linux-x86_64 | 0.2.0 | 2.35 | 23.09 | 25.44 | OK | |
r-release-macos-arm64 | 0.2.0 | 16.00 | NOTE | |||
r-release-macos-x86_64 | 0.2.0 | 26.00 | NOTE | |||
r-release-windows-x86_64 | 0.2.0 | 78.00 | 53.00 | 131.00 | OK | |
r-oldrel-macos-arm64 | 0.2.0 | 18.00 | NOTE | |||
r-oldrel-macos-x86_64 | 0.2.0 | 23.00 | NOTE | |||
r-oldrel-windows-ix86+x86_64 | 0.2.0 | 8.00 | 42.00 | 50.00 | OK |
Version: 0.2.0
Check: dependencies in R code
Result: NOTE
Namespaces in Imports field not imported from:
‘DT’ ‘data.table’ ‘e1071’ ‘mlr3’ ‘mlr3learners’ ‘mlr3measures’ ‘plyr’
‘purrr’ ‘ranger’ ‘readxl’ ‘shinyWidgets’ ‘shinyalert’
‘shinydashboard’ ‘shinyjs’ ‘shinythemes’ ‘stats’ ‘stringr’
All declared Imports should be used.
Flavors: r-devel-linux-x86_64-fedora-clang, r-devel-linux-x86_64-fedora-gcc, r-release-macos-arm64, r-release-macos-x86_64, r-oldrel-macos-arm64, r-oldrel-macos-x86_64