CRAN Package Check Results for Package mlquantify

Last updated on 2022-05-24 15:52:51 CEST.

Flavor Version Tinstall Tcheck Ttotal Status Flags
r-devel-linux-x86_64-debian-clang 0.2.0 2.93 51.89 54.82 OK
r-devel-linux-x86_64-debian-gcc 0.2.0 2.65 40.16 42.81 OK
r-devel-linux-x86_64-fedora-clang 0.2.0 71.91 NOTE
r-devel-linux-x86_64-fedora-gcc 0.2.0 67.72 NOTE
r-devel-windows-x86_64 0.2.0 21.00 73.00 94.00 OK
r-patched-linux-x86_64 0.2.0 3.52 50.95 54.47 OK
r-release-linux-x86_64 0.2.0 OK
r-release-macos-arm64 0.2.0 24.00 NOTE
r-release-macos-x86_64 0.2.0 40.00 NOTE
r-release-windows-x86_64 0.2.0 21.00 73.00 94.00 OK
r-oldrel-macos-arm64 0.2.0 24.00 NOTE
r-oldrel-macos-x86_64 0.2.0 31.00 NOTE
r-oldrel-windows-ix86+x86_64 0.2.0 9.00 71.00 80.00 OK

Check Details

Version: 0.2.0
Check: dependencies in R code
Result: NOTE
    Namespaces in Imports field not imported from:
     ‘caret’ ‘randomForest’
     All declared Imports should be used.
Flavors: r-devel-linux-x86_64-fedora-clang, r-devel-linux-x86_64-fedora-gcc, r-release-macos-arm64, r-release-macos-x86_64, r-oldrel-macos-arm64, r-oldrel-macos-x86_64