CRAN Package Check Results for Package mixSPE

Last updated on 2022-09-28 15:49:59 CEST.

Flavor Version Tinstall Tcheck Ttotal Status Flags
r-devel-linux-x86_64-debian-clang 0.9.1 4.05 43.71 47.76 NOTE
r-devel-linux-x86_64-debian-gcc 0.9.1 2.78 32.02 34.80 NOTE
r-devel-linux-x86_64-fedora-clang 0.9.1 72.54 NOTE
r-devel-linux-x86_64-fedora-gcc 0.9.1 65.45 NOTE
r-devel-windows-x86_64 0.9.1 15.00 69.00 84.00 NOTE
r-patched-linux-x86_64 0.9.1 3.64 40.72 44.36 NOTE
r-release-linux-x86_64 0.9.1 3.24 40.59 43.83 NOTE
r-release-macos-arm64 0.9.1 21.00 NOTE
r-release-macos-x86_64 0.9.1 28.00 NOTE
r-release-windows-x86_64 0.9.1 14.00 69.00 83.00 NOTE
r-oldrel-macos-arm64 0.9.1 28.00 NOTE
r-oldrel-macos-x86_64 0.9.1 36.00 NOTE
r-oldrel-windows-ix86+x86_64 0.9.1 8.00 64.00 72.00 NOTE

Check Details

Version: 0.9.1
Check: LazyData
Result: NOTE
     'LazyData' is specified without a 'data' directory
Flavors: r-devel-linux-x86_64-debian-clang, r-devel-linux-x86_64-debian-gcc, r-devel-linux-x86_64-fedora-clang, r-devel-linux-x86_64-fedora-gcc, r-devel-windows-x86_64, r-patched-linux-x86_64, r-release-linux-x86_64, r-release-macos-arm64, r-release-macos-x86_64, r-release-windows-x86_64, r-oldrel-macos-arm64, r-oldrel-macos-x86_64, r-oldrel-windows-ix86+x86_64