CRAN Package Check Results for Package mistat

Last updated on 2022-05-17 15:53:22 CEST.

Flavor Version Tinstall Tcheck Ttotal Status Flags
r-devel-linux-x86_64-debian-clang 2.0.3 5.41 80.91 86.32 OK
r-devel-linux-x86_64-debian-gcc 2.0.3 3.26 62.12 65.38 OK
r-devel-linux-x86_64-fedora-clang 2.0.3 99.48 NOTE
r-devel-linux-x86_64-fedora-gcc 2.0.3 103.21 NOTE
r-devel-windows-x86_64 2.0.3 65.00 120.00 185.00 OK
r-patched-linux-x86_64 2.0.3 4.69 76.59 81.28 OK
r-release-linux-x86_64 2.0.3 4.92 75.91 80.83 OK
r-release-macos-arm64 2.0.3 35.00 NOTE
r-release-macos-x86_64 2.0.3 49.00 NOTE
r-release-windows-x86_64 2.0.3 82.00 120.00 202.00 OK
r-oldrel-macos-arm64 2.0.3 43.00 NOTE
r-oldrel-macos-x86_64 2.0.3 62.00 NOTE
r-oldrel-windows-ix86+x86_64 2.0.3 10.00 108.00 118.00 OK

Check Details

Version: 2.0.3
Check: dependencies in R code
Result: NOTE
    Namespace in Imports field not imported from: ‘grDevices’
     All declared Imports should be used.
Flavors: r-devel-linux-x86_64-fedora-clang, r-devel-linux-x86_64-fedora-gcc, r-release-macos-arm64, r-release-macos-x86_64, r-oldrel-macos-arm64, r-oldrel-macos-x86_64