Last updated on 2023-09-25 04:00:48 CEST.
Flavor | Version | Tinstall | Tcheck | Ttotal | Status | Flags |
---|---|---|---|---|---|---|
r-devel-linux-x86_64-debian-clang | 1.2.0 | 39.47 | 51.90 | 91.37 | OK | |
r-devel-linux-x86_64-debian-gcc | 1.2.0 | 25.36 | 40.29 | 65.65 | OK | |
r-devel-linux-x86_64-fedora-clang | 1.2.0 | 118.16 | OK | |||
r-devel-linux-x86_64-fedora-gcc | 1.2.0 | 135.27 | OK | |||
r-devel-windows-x86_64 | 1.2.0 | 29.00 | 81.00 | 110.00 | OK | |
r-patched-linux-x86_64 | 1.2.0 | 40.25 | 51.89 | 92.14 | OK | |
r-release-linux-x86_64 | 1.2.0 | 34.23 | 51.30 | 85.53 | OK | |
r-release-macos-arm64 | 1.2.0 | 39.00 | NOTE | |||
r-release-macos-x86_64 | 1.2.0 | 62.00 | NOTE | |||
r-release-windows-x86_64 | 1.2.0 | 36.00 | 87.00 | 123.00 | OK | |
r-oldrel-macos-arm64 | 1.2.0 | 36.00 | NOTE | |||
r-oldrel-macos-x86_64 | 1.2.0 | 56.00 | NOTE | |||
r-oldrel-windows-x86_64 | 1.2.0 | 35.00 | 86.00 | 121.00 | OK |
Version: 1.2.0
Check: installed package size
Result: NOTE
installed size is 5.4Mb
sub-directories of 1Mb or more:
doc 2.4Mb
extdata 1.2Mb
libs 1.6Mb
Flavors: r-release-macos-arm64, r-release-macos-x86_64, r-oldrel-macos-arm64, r-oldrel-macos-x86_64