Last updated on 2022-07-01 03:53:55 CEST.
Flavor | Version | Tinstall | Tcheck | Ttotal | Status | Flags |
---|---|---|---|---|---|---|
r-devel-linux-x86_64-debian-clang | 1.0.2 | 124.44 | 365.63 | 490.07 | OK | |
r-devel-linux-x86_64-debian-gcc | 1.0.2 | 99.94 | 273.68 | 373.62 | OK | |
r-devel-linux-x86_64-fedora-clang | 1.0.2 | 635.68 | NOTE | |||
r-devel-linux-x86_64-fedora-gcc | 1.0.2 | 617.12 | OK | |||
r-devel-windows-x86_64 | 1.0.2 | 307.00 | 459.00 | 766.00 | OK | |
r-patched-linux-x86_64 | 1.0.2 | 114.12 | 349.81 | 463.93 | OK | |
r-release-linux-x86_64 | 1.0.2 | 95.58 | 355.58 | 451.16 | OK | |
r-release-macos-arm64 | 1.0.2 | 188.00 | NOTE | |||
r-release-macos-x86_64 | 1.0.2 | 298.00 | NOTE | |||
r-release-windows-x86_64 | 1.0.2 | 124.00 | 450.00 | 574.00 | OK | |
r-oldrel-macos-arm64 | 1.0.2 | 164.00 | NOTE | |||
r-oldrel-macos-x86_64 | 1.0.2 | 232.00 | NOTE | |||
r-oldrel-windows-ix86+x86_64 | 1.0.2 | 274.00 | 758.00 | 1032.00 | OK |
Version: 1.0.2
Check: installed package size
Result: NOTE
installed size is 5.9Mb
sub-directories of 1Mb or more:
libs 3.8Mb
Flavors: r-devel-linux-x86_64-fedora-clang, r-release-macos-arm64, r-release-macos-x86_64, r-oldrel-macos-arm64, r-oldrel-macos-x86_64