CRAN Package Check Results for Package misc3d

Last updated on 2022-05-28 15:51:02 CEST.

Flavor Version Tinstall Tcheck Ttotal Status Flags
r-devel-linux-x86_64-debian-clang 0.9-1 6.90 60.74 67.64 OK
r-devel-linux-x86_64-debian-gcc 0.9-1 4.96 46.59 51.55 OK
r-devel-linux-x86_64-fedora-clang 0.9-1 82.89 NOTE
r-devel-linux-x86_64-fedora-gcc 0.9-1 71.34 OK
r-devel-windows-x86_64 0.9-1 19.00 86.00 105.00 OK
r-patched-linux-x86_64 0.9-1 7.37 60.41 67.78 OK
r-release-linux-x86_64 0.9-1 6.75 58.25 65.00 OK
r-release-macos-arm64 0.9-1 50.00 OK
r-release-macos-x86_64 0.9-1 53.00 OK
r-release-windows-x86_64 0.9-1 28.00 88.00 116.00 OK
r-oldrel-macos-arm64 0.9-1 48.00 OK
r-oldrel-macos-x86_64 0.9-1 48.00 OK
r-oldrel-windows-ix86+x86_64 0.9-1 12.00 73.00 85.00 OK

Check Details

Version: 0.9-1
Check: Rd cross-references
Result: NOTE
    Undeclared package ‘scatterplot3d’ in Rd xrefs
Flavor: r-devel-linux-x86_64-fedora-clang