CRAN Package Check Results for Package mipfp

Last updated on 2024-04-19 15:56:52 CEST.

Flavor Version Tinstall Tcheck Ttotal Status Flags
r-devel-linux-x86_64-debian-clang 3.2.1 3.68 40.47 44.15 NOTE
r-devel-linux-x86_64-debian-gcc 3.2.1 NOTE
r-devel-linux-x86_64-fedora-clang 3.2.1 54.95 NOTE
r-devel-linux-x86_64-fedora-gcc 3.2.1 53.83 NOTE
r-prerel-macos-arm64 3.2.1 22.00 NOTE
r-prerel-windows-x86_64 3.2.1 5.00 54.00 59.00 NOTE
r-patched-linux-x86_64 3.2.1 4.78 39.45 44.23 NOTE
r-release-linux-x86_64 3.2.1 3.43 39.84 43.27 OK
r-release-macos-arm64 3.2.1 21.00 OK
r-release-macos-x86_64 3.2.1 31.00 OK
r-release-windows-x86_64 3.2.1 6.00 59.00 65.00 OK
r-oldrel-macos-arm64 3.2.1 21.00 OK
r-oldrel-windows-x86_64 3.2.1 5.00 62.00 67.00 OK

Check Details

Version: 3.2.1
Check: Rd files
Result: NOTE checkRd: (-1) gof.estimates.Rd:59-62: Lost braces in \itemize; meant \describe ? checkRd: (-1) gof.estimates.Rd:63-66: Lost braces in \itemize; meant \describe ? checkRd: (-1) gof.estimates.Rd:67-70: Lost braces in \itemize; meant \describe ? checkRd: (-1) vcov.mipfp.Rd:63-66: Lost braces in \itemize; meant \describe ? checkRd: (-1) vcov.mipfp.Rd:67-70: Lost braces in \itemize; meant \describe ? checkRd: (-1) vcov.mipfp.Rd:71-74: Lost braces in \itemize; meant \describe ? checkRd: (-1) vcov.mipfp.Rd:75-78: Lost braces in \itemize; meant \describe ? checkRd: (-1) vcov.mipfp.Rd:89-91: Lost braces in \itemize; meant \describe ? checkRd: (-1) vcov.mipfp.Rd:92-95: Lost braces in \itemize; meant \describe ? Flavors: r-devel-linux-x86_64-debian-clang, r-devel-linux-x86_64-debian-gcc, r-devel-linux-x86_64-fedora-clang, r-devel-linux-x86_64-fedora-gcc, r-prerel-macos-arm64, r-prerel-windows-x86_64, r-patched-linux-x86_64