CRAN Package Check Results for Package mimi

Last updated on 2022-05-26 15:53:15 CEST.

Flavor Version Tinstall Tcheck Ttotal Status Flags
r-devel-linux-x86_64-debian-clang 0.2.0 6.87 55.49 62.36 OK
r-devel-linux-x86_64-debian-gcc 0.2.0 6.01 46.64 52.65 OK
r-devel-linux-x86_64-fedora-clang 0.2.0 73.77 NOTE
r-devel-linux-x86_64-fedora-gcc 0.2.0 60.74 NOTE
r-devel-windows-x86_64 0.2.0 13.00 71.00 84.00 OK
r-patched-linux-x86_64 0.2.0 6.26 52.06 58.32 OK
r-release-linux-x86_64 0.2.0 OK
r-release-macos-arm64 0.2.0 22.00 NOTE
r-release-macos-x86_64 0.2.0 38.00 NOTE
r-release-windows-x86_64 0.2.0 16.00 69.00 85.00 OK
r-oldrel-macos-arm64 0.2.0 26.00 NOTE
r-oldrel-macos-x86_64 0.2.0 35.00 NOTE
r-oldrel-windows-ix86+x86_64 0.2.0 14.00 63.00 77.00 OK

Check Details

Version: 0.2.0
Check: dependencies in R code
Result: NOTE
    Namespaces in Imports field not imported from:
     ‘FactoMineR’ ‘softImpute’
     All declared Imports should be used.
Flavors: r-devel-linux-x86_64-fedora-clang, r-devel-linux-x86_64-fedora-gcc, r-release-macos-arm64, r-release-macos-x86_64, r-oldrel-macos-arm64, r-oldrel-macos-x86_64