CRAN Package Check Results for Package midastouch

Last updated on 2024-05-25 15:49:47 CEST.

Flavor Version Tinstall Tcheck Ttotal Status Flags
r-devel-linux-x86_64-debian-clang 1.3 1.80 26.87 28.67 NOTE
r-devel-linux-x86_64-debian-gcc 1.3 1.54 20.36 21.90 NOTE
r-devel-linux-x86_64-fedora-clang 1.3 38.17 NOTE
r-devel-linux-x86_64-fedora-gcc 1.3 37.87 NOTE
r-devel-windows-x86_64 1.3 3.00 43.00 46.00 NOTE
r-patched-linux-x86_64 1.3 1.95 25.66 27.61 NOTE
r-release-linux-x86_64 1.3 1.59 26.11 27.70 NOTE
r-release-macos-arm64 1.3 16.00 NOTE
r-release-windows-x86_64 1.3 3.00 43.00 46.00 NOTE
r-oldrel-macos-arm64 1.3 15.00 NOTE
r-oldrel-macos-x86_64 1.3 19.00 NOTE
r-oldrel-windows-x86_64 1.3 3.00 45.00 48.00 NOTE

Check Details

Version: 1.3
Check: LazyData
Result: NOTE 'LazyData' is specified without a 'data' directory Flavors: r-devel-linux-x86_64-debian-clang, r-devel-linux-x86_64-debian-gcc, r-devel-linux-x86_64-fedora-clang, r-devel-linux-x86_64-fedora-gcc, r-devel-windows-x86_64, r-patched-linux-x86_64, r-release-linux-x86_64, r-release-macos-arm64, r-release-windows-x86_64, r-oldrel-macos-arm64, r-oldrel-macos-x86_64, r-oldrel-windows-x86_64