CRAN Package Check Results for Package microbial

Last updated on 2022-05-17 15:53:22 CEST.

Flavor Version Tinstall Tcheck Ttotal Status Flags
r-devel-linux-x86_64-debian-clang 0.0.20 0.59 12.44 13.03 ERROR
r-devel-linux-x86_64-debian-gcc 0.0.20 0.43 9.61 10.04 ERROR
r-devel-linux-x86_64-fedora-clang 0.0.20 752.40 NOTE
r-devel-linux-x86_64-fedora-gcc 0.0.20 712.09 NOTE
r-devel-windows-x86_64 0.0.20 61.00 510.00 571.00 OK
r-patched-linux-x86_64 0.0.20 47.85 505.11 552.96 OK
r-release-linux-x86_64 0.0.20 48.88 505.31 554.19 OK
r-release-macos-arm64 0.0.20 158.00 NOTE
r-release-macos-x86_64 0.0.20 298.00 NOTE
r-release-windows-x86_64 0.0.20 64.00 542.00 606.00 OK
r-oldrel-macos-arm64 0.0.20 107.00 NOTE
r-oldrel-macos-x86_64 0.0.20 232.00 NOTE
r-oldrel-windows-ix86+x86_64 0.0.20 105.00 515.00 620.00 OK

Check Details

Version: 0.0.20
Check: package dependencies
Result: ERROR
    Package required but not available: 'edgeR'
    
    See section 'The DESCRIPTION file' in the 'Writing R Extensions'
    manual.
Flavors: r-devel-linux-x86_64-debian-clang, r-devel-linux-x86_64-debian-gcc

Version: 0.0.20
Check: dependencies in R code
Result: NOTE
    Namespace in Imports field not imported from: ‘testthat’
     All declared Imports should be used.
Flavors: r-devel-linux-x86_64-fedora-clang, r-devel-linux-x86_64-fedora-gcc, r-release-macos-arm64, r-release-macos-x86_64, r-oldrel-macos-arm64, r-oldrel-macos-x86_64

Version: 0.0.20
Check: package dependencies
Result: NOTE
    Package suggested but not available for checking: ‘dada2’
Flavors: r-release-macos-arm64, r-oldrel-macos-arm64

Version: 0.0.20
Check: package dependencies
Result: NOTE
    Packages suggested but not available for checking: 'dada2', 'DECIPHER'
Flavor: r-oldrel-macos-x86_64