CRAN Package Check Results for Package microPop

Last updated on 2022-09-28 15:49:59 CEST.

Flavor Version Tinstall Tcheck Ttotal Status Flags
r-devel-linux-x86_64-debian-clang 1.6 8.06 1124.99 1133.05 OK
r-devel-linux-x86_64-debian-gcc 1.6 5.92 765.40 771.32 OK
r-devel-linux-x86_64-fedora-clang 1.6 1395.07 NOTE
r-devel-linux-x86_64-fedora-gcc 1.6 1363.24 NOTE
r-devel-windows-x86_64 1.6 66.00 994.00 1060.00 OK
r-patched-linux-x86_64 1.6 9.99 1075.45 1085.44 OK
r-release-linux-x86_64 1.6 6.72 1058.60 1065.32 OK
r-release-macos-arm64 1.6 247.00 NOTE
r-release-macos-x86_64 1.6 433.00 NOTE
r-release-windows-x86_64 1.6 88.00 976.00 1064.00 OK
r-oldrel-macos-arm64 1.6 189.00 NOTE
r-oldrel-macos-x86_64 1.6 351.00 NOTE
r-oldrel-windows-ix86+x86_64 1.6 17.00 1157.00 1174.00 OK

Check Details

Version: 1.6
Check: dependencies in R code
Result: NOTE
    Namespace in Imports field not imported from: ‘testthat’
     All declared Imports should be used.
Flavors: r-devel-linux-x86_64-fedora-clang, r-devel-linux-x86_64-fedora-gcc, r-release-macos-arm64, r-release-macos-x86_64, r-oldrel-macos-arm64, r-oldrel-macos-x86_64