CRAN Package Check Results for Package micEcon

Last updated on 2025-01-26 04:49:25 CET.

Flavor Version Tinstall Tcheck Ttotal Status Flags
r-devel-linux-x86_64-debian-clang 0.6-18 6.67 70.08 76.75 NOTE
r-devel-linux-x86_64-debian-gcc 0.6-18 3.67 47.68 51.35 NOTE
r-devel-linux-x86_64-fedora-clang 0.6-18 122.94 OK
r-devel-linux-x86_64-fedora-gcc 0.6-18 117.38 OK
r-devel-windows-x86_64 0.6-18 8.00 86.00 94.00 NOTE
r-patched-linux-x86_64 0.6-18 7.68 63.13 70.81 OK
r-release-linux-x86_64 0.6-18 5.75 62.40 68.15 OK
r-release-macos-arm64 0.6-18 36.00 OK
r-release-macos-x86_64 0.6-18 55.00 OK
r-release-windows-x86_64 0.6-18 8.00 86.00 94.00 OK
r-oldrel-macos-arm64 0.6-18 36.00 OK
r-oldrel-macos-x86_64 0.6-18 60.00 OK
r-oldrel-windows-x86_64 0.6-18 9.00 100.00 109.00 OK

Check Details

Version: 0.6-18
Check: Rd cross-references
Result: NOTE Found the following Rd file(s) with Rd \link{} targets missing package anchors: translogCheckCurvature.Rd: semidefiniteness, quasiconvexity, quasiconcavity Please provide package anchors for all Rd \link{} targets not in the package itself and the base packages. Flavors: r-devel-linux-x86_64-debian-clang, r-devel-linux-x86_64-debian-gcc, r-devel-windows-x86_64