Last updated on 2023-11-29 15:50:22 CET.
Flavor | Version | Tinstall | Tcheck | Ttotal | Status | Flags |
---|---|---|---|---|---|---|
r-devel-linux-x86_64-debian-clang | 1.1 | 3.99 | 61.10 | 65.09 | OK | |
r-devel-linux-x86_64-debian-gcc | 1.1 | 3.17 | 46.21 | 49.38 | OK | |
r-devel-linux-x86_64-fedora-clang | 1.1 | 84.53 | NOTE | |||
r-devel-linux-x86_64-fedora-gcc | 1.1 | 88.75 | NOTE | |||
r-devel-windows-x86_64 | 1.1 | 5.00 | 78.00 | 83.00 | OK | |
r-patched-linux-x86_64 | 1.1 | 4.81 | 60.11 | 64.92 | OK | |
r-release-linux-x86_64 | 1.1 | 2.73 | 58.11 | 60.84 | OK | |
r-release-macos-arm64 | 1.1 | 40.00 | NOTE | |||
r-release-macos-x86_64 | 1.1 | 55.00 | NOTE | |||
r-release-windows-x86_64 | 1.1 | 8.00 | 93.00 | 101.00 | OK | |
r-oldrel-macos-arm64 | 1.1 | 24.00 | NOTE | |||
r-oldrel-macos-x86_64 | 1.1 | 42.00 | NOTE | |||
r-oldrel-windows-x86_64 | 1.1 | 7.00 | 93.00 | 100.00 | OK |
Version: 1.1
Check: package dependencies
Result: NOTE
Packages suggested but not available for checking: 'DAPAR', 'ProteoMM'
Flavors: r-devel-linux-x86_64-fedora-clang, r-devel-linux-x86_64-fedora-gcc, r-release-macos-arm64, r-release-macos-x86_64, r-oldrel-macos-arm64, r-oldrel-macos-x86_64