Last updated on 2022-05-20 15:52:11 CEST.
Flavor | Version | Tinstall | Tcheck | Ttotal | Status | Flags |
---|---|---|---|---|---|---|
r-devel-linux-x86_64-debian-clang | 0.1.9 | 22.02 | 338.92 | 360.94 | NOTE | |
r-devel-linux-x86_64-debian-gcc | 0.1.9 | 16.95 | 240.56 | 257.51 | OK | |
r-devel-linux-x86_64-fedora-clang | 0.1.9 | 236.50 | NOTE | |||
r-devel-linux-x86_64-fedora-gcc | 0.1.9 | 239.48 | OK | |||
r-devel-windows-x86_64 | 0.1.9 | 66.00 | 491.00 | 557.00 | NOTE | |
r-patched-linux-x86_64 | 0.1.9 | 27.54 | 311.48 | 339.02 | NOTE | |
r-release-linux-x86_64 | 0.1.9 | 18.76 | 308.06 | 326.82 | OK | |
r-release-macos-arm64 | 0.1.9 | 121.00 | NOTE | |||
r-release-macos-x86_64 | 0.1.9 | 192.00 | NOTE | |||
r-release-windows-x86_64 | 0.1.9 | 70.00 | 496.00 | 566.00 | NOTE | |
r-oldrel-macos-arm64 | 0.1.9 | 114.00 | NOTE | |||
r-oldrel-macos-x86_64 | 0.1.9 | 133.00 | NOTE | |||
r-oldrel-windows-ix86+x86_64 | 0.1.9 | 47.00 | 515.00 | 562.00 | NOTE |
Version: 0.1.9
Check: package dependencies
Result: NOTE
Package suggested but not available for checking: 'webshot2'
Flavors: r-devel-linux-x86_64-debian-clang, r-devel-windows-x86_64, r-patched-linux-x86_64, r-release-macos-arm64, r-release-macos-x86_64, r-oldrel-macos-arm64, r-oldrel-macos-x86_64, r-oldrel-windows-ix86+x86_64
Version: 0.1.9
Check: installed package size
Result: NOTE
installed size is 5.3Mb
sub-directories of 1Mb or more:
doc 4.6Mb
Flavors: r-devel-linux-x86_64-fedora-clang, r-devel-windows-x86_64, r-release-macos-arm64, r-release-macos-x86_64, r-release-windows-x86_64, r-oldrel-macos-arm64, r-oldrel-macos-x86_64, r-oldrel-windows-ix86+x86_64