Last updated on 2022-05-28 03:54:49 CEST.
Flavor | Version | Tinstall | Tcheck | Ttotal | Status | Flags |
---|---|---|---|---|---|---|
r-devel-linux-x86_64-debian-clang | 0.3.5 | 45.20 | 213.17 | 258.37 | OK | |
r-devel-linux-x86_64-debian-gcc | 0.3.5 | 36.97 | 153.93 | 190.90 | OK | |
r-devel-linux-x86_64-fedora-clang | 0.3.5 | 330.58 | NOTE | |||
r-devel-linux-x86_64-fedora-gcc | 0.3.5 | 294.16 | NOTE | |||
r-devel-windows-x86_64 | 0.3.5 | 271.00 | 262.00 | 533.00 | OK | |
r-patched-linux-x86_64 | 0.3.5 | 50.09 | 202.04 | 252.13 | OK | |
r-release-linux-x86_64 | 0.3.5 | 40.70 | 198.60 | 239.30 | OK | |
r-release-macos-arm64 | 0.3.5 | 78.00 | NOTE | |||
r-release-macos-x86_64 | 0.3.5 | 135.00 | NOTE | |||
r-release-windows-x86_64 | 0.3.5 | 288.00 | 267.00 | 555.00 | OK | |
r-oldrel-macos-arm64 | 0.3.5 | 115.00 | NOTE | |||
r-oldrel-macos-x86_64 | 0.3.5 | 101.00 | NOTE | |||
r-oldrel-windows-ix86+x86_64 | 0.3.5 | 97.00 | 370.00 | 467.00 | OK |
Version: 0.3.5
Check: dependencies in R code
Result: NOTE
Namespace in Imports field not imported from: ‘R6’
All declared Imports should be used.
Flavors: r-devel-linux-x86_64-fedora-clang, r-devel-linux-x86_64-fedora-gcc, r-release-macos-arm64, r-release-macos-x86_64, r-oldrel-macos-arm64, r-oldrel-macos-x86_64