CRAN Package Check Results for Package metaConvert

Last updated on 2025-06-22 15:50:23 CEST.

Flavor Version Tinstall Tcheck Ttotal Status Flags
r-devel-linux-x86_64-debian-clang 1.0.3 12.53 122.78 135.31 OK
r-devel-linux-x86_64-debian-gcc 1.0.3 8.49 80.27 88.76 OK
r-devel-linux-x86_64-fedora-clang 1.0.3 211.93 NOTE
r-devel-linux-x86_64-fedora-gcc 1.0.3 226.79 NOTE
r-devel-windows-x86_64 1.0.3 13.00 147.00 160.00 OK
r-patched-linux-x86_64 1.0.3 12.79 115.96 128.75 OK
r-release-linux-x86_64 1.0.3 11.68 115.81 127.49 OK
r-release-macos-arm64 1.0.3 58.00 OK
r-release-macos-x86_64 1.0.3 134.00 OK
r-release-windows-x86_64 1.0.3 14.00 145.00 159.00 OK
r-oldrel-macos-arm64 1.0.3 61.00 OK
r-oldrel-macos-x86_64 1.0.3 123.00 OK
r-oldrel-windows-x86_64 1.0.3 18.00 192.00 210.00 OK

Check Details

Version: 1.0.3
Check: dependencies in R code
Result: NOTE Namespace in Imports field not imported from: ‘mvtnorm’ All declared Imports should be used. Flavors: r-devel-linux-x86_64-fedora-clang, r-devel-linux-x86_64-fedora-gcc