Last updated on 2022-05-24 15:52:51 CEST.
Flavor | Version | Tinstall | Tcheck | Ttotal | Status | Flags |
---|---|---|---|---|---|---|
r-devel-linux-x86_64-debian-clang | 0.0.5 | 6.24 | 99.51 | 105.75 | NOTE | |
r-devel-linux-x86_64-debian-gcc | 0.0.5 | 4.30 | 74.41 | 78.71 | NOTE | |
r-devel-linux-x86_64-fedora-clang | 0.0.5 | 130.12 | NOTE | |||
r-devel-linux-x86_64-fedora-gcc | 0.0.5 | 108.29 | NOTE | |||
r-devel-windows-x86_64 | 0.0.5 | 24.00 | 143.00 | 167.00 | NOTE | |
r-patched-linux-x86_64 | 0.0.5 | 5.08 | 93.17 | 98.25 | NOTE | |
r-release-linux-x86_64 | 0.0.5 | NOTE | ||||
r-release-macos-arm64 | 0.0.5 | 90.00 | NOTE | |||
r-release-macos-x86_64 | 0.0.5 | 88.00 | NOTE | |||
r-release-windows-x86_64 | 0.0.5 | 28.00 | 144.00 | 172.00 | NOTE | |
r-oldrel-macos-arm64 | 0.0.5 | 90.00 | NOTE | |||
r-oldrel-macos-x86_64 | 0.0.5 | 95.00 | NOTE | |||
r-oldrel-windows-ix86+x86_64 | 0.0.5 | 15.00 | 129.00 | 144.00 | NOTE |
Version: 0.0.5
Check: LazyData
Result: NOTE
'LazyData' is specified without a 'data' directory
Flavors: r-devel-linux-x86_64-debian-clang, r-devel-linux-x86_64-debian-gcc, r-devel-linux-x86_64-fedora-clang, r-devel-linux-x86_64-fedora-gcc, r-devel-windows-x86_64, r-patched-linux-x86_64, r-release-linux-x86_64, r-release-macos-arm64, r-release-macos-x86_64, r-release-windows-x86_64, r-oldrel-macos-arm64, r-oldrel-macos-x86_64, r-oldrel-windows-ix86+x86_64
Version: 0.0.5
Check: dependencies in R code
Result: NOTE
Namespace in Imports field not imported from: ‘vroom’
All declared Imports should be used.
Flavors: r-devel-linux-x86_64-fedora-clang, r-devel-linux-x86_64-fedora-gcc, r-release-macos-arm64, r-release-macos-x86_64, r-oldrel-macos-arm64, r-oldrel-macos-x86_64