CRAN Package Check Results for Package medfate

Last updated on 2022-09-26 03:56:11 CEST.

Flavor Version Tinstall Tcheck Ttotal Status Flags
r-devel-linux-x86_64-debian-clang 2.8.0 384.04 191.96 576.00 OK
r-devel-linux-x86_64-debian-gcc 2.8.0 339.88 140.60 480.48 OK
r-devel-linux-x86_64-fedora-clang 2.8.0 798.20 NOTE
r-devel-linux-x86_64-fedora-gcc 2.8.0 763.69 OK
r-devel-windows-x86_64 2.7.3 271.00 277.00 548.00 NOTE
r-patched-linux-x86_64 2.8.0 329.16 182.04 511.20 OK
r-release-linux-x86_64 2.8.0 282.30 179.79 462.09 OK
r-release-macos-arm64 2.8.0 117.00 NOTE
r-release-macos-x86_64 2.8.0 246.00 NOTE
r-release-windows-x86_64 2.8.0 279.00 266.00 545.00 OK
r-oldrel-macos-arm64 2.8.0 127.00 NOTE
r-oldrel-macos-x86_64 2.8.0 247.00 NOTE
r-oldrel-windows-ix86+x86_64 2.8.0 846.00 337.00 1183.00 NOTE

Check Details

Version: 2.8.0
Check: installed package size
Result: NOTE
     installed size is 5.1Mb
     sub-directories of 1Mb or more:
     libs 3.9Mb
Flavors: r-devel-linux-x86_64-fedora-clang, r-release-macos-arm64, r-release-macos-x86_64, r-oldrel-macos-arm64, r-oldrel-macos-x86_64, r-oldrel-windows-ix86+x86_64

Version: 2.7.3
Check: Rd files
Result: NOTE
    checkRd: (-1) hydraulics_supplyfunctions.Rd:32: Escaped LaTeX specials: \&
    checkRd: (-1) hydraulics_supplyfunctions.Rd:218: Escaped LaTeX specials: \&
Flavor: r-devel-windows-x86_64