Last updated on 2023-09-25 04:00:47 CEST.
Flavor | Version | Tinstall | Tcheck | Ttotal | Status | Flags |
---|---|---|---|---|---|---|
r-devel-linux-x86_64-debian-clang | 0.2.7 | 35.83 | 124.48 | 160.31 | OK | |
r-devel-linux-x86_64-debian-gcc | 0.2.7 | 22.16 | 91.21 | 113.37 | OK | |
r-devel-linux-x86_64-fedora-clang | 0.2.7 | 193.34 | NOTE | |||
r-devel-linux-x86_64-fedora-gcc | 0.2.7 | 188.22 | OK | |||
r-devel-windows-x86_64 | 0.2.7 | 27.00 | 141.00 | 168.00 | OK | |
r-patched-linux-x86_64 | 0.2.7 | 23.67 | 118.65 | 142.32 | OK | |
r-release-linux-x86_64 | 0.2.7 | 25.78 | 118.81 | 144.59 | OK | |
r-release-macos-arm64 | 0.2.7 | 88.00 | OK | |||
r-release-macos-x86_64 | 0.2.7 | 139.00 | OK | |||
r-release-windows-x86_64 | 0.2.7 | 36.00 | 169.00 | 205.00 | OK | |
r-oldrel-macos-arm64 | 0.2.7 | 82.00 | OK | |||
r-oldrel-macos-x86_64 | 0.2.7 | 87.00 | OK | |||
r-oldrel-windows-x86_64 | 0.2.7 | 35.00 | 176.00 | 211.00 | OK |
Version: 0.2.7
Check: Rd cross-references
Result: NOTE
Undeclared package ‘NLP’ in Rd xrefs
Flavor: r-devel-linux-x86_64-fedora-clang