Last updated on 2022-05-25 04:55:29 CEST.
Flavor | Version | Tinstall | Tcheck | Ttotal | Status | Flags |
---|---|---|---|---|---|---|
r-devel-linux-x86_64-debian-clang | 0.0.1 | 11.46 | 112.98 | 124.44 | OK | |
r-devel-linux-x86_64-debian-gcc | 0.0.1 | 7.52 | 85.25 | 92.77 | OK | |
r-devel-linux-x86_64-fedora-clang | 0.0.1 | 154.62 | NOTE | |||
r-devel-linux-x86_64-fedora-gcc | 0.0.1 | 131.41 | NOTE | |||
r-devel-windows-x86_64 | 0.0.1 | 19.00 | 128.00 | 147.00 | OK | |
r-patched-linux-x86_64 | 0.0.1 | 10.37 | 108.85 | 119.22 | OK | |
r-release-linux-x86_64 | 0.0.1 | OK | ||||
r-release-macos-arm64 | 0.0.1 | 44.00 | NOTE | |||
r-release-macos-x86_64 | 0.0.1 | 59.00 | NOTE | |||
r-release-windows-x86_64 | 0.0.1 | 40.00 | 130.00 | 170.00 | OK | |
r-oldrel-macos-arm64 | 0.0.1 | 48.00 | NOTE | |||
r-oldrel-macos-x86_64 | 0.0.1 | 89.00 | NOTE | |||
r-oldrel-windows-ix86+x86_64 | 0.0.1 | 23.00 | 118.00 | 141.00 | OK |
Version: 0.0.1
Check: dependencies in R code
Result: NOTE
Namespace in Imports field not imported from: ‘MASS’
All declared Imports should be used.
Flavors: r-devel-linux-x86_64-fedora-clang, r-devel-linux-x86_64-fedora-gcc, r-release-macos-arm64, r-release-macos-x86_64, r-oldrel-macos-arm64, r-oldrel-macos-x86_64