Last updated on 2022-06-25 03:51:02 CEST.
Flavor | Version | Tinstall | Tcheck | Ttotal | Status | Flags |
---|---|---|---|---|---|---|
r-devel-linux-x86_64-debian-clang | 1.1.3 | 159.19 | 52.27 | 211.46 | OK | |
r-devel-linux-x86_64-debian-gcc | 1.1.3 | 109.18 | 39.94 | 149.12 | OK | |
r-devel-linux-x86_64-fedora-clang | 1.1.3 | 335.58 | NOTE | |||
r-devel-linux-x86_64-fedora-gcc | 1.1.3 | 266.82 | OK | |||
r-devel-windows-x86_64 | 1.1.3 | 247.00 | 115.00 | 362.00 | OK | |
r-patched-linux-x86_64 | 1.1.3 | 129.08 | 49.78 | 178.86 | OK | |
r-release-linux-x86_64 | 1.1.3 | 120.01 | 49.95 | 169.96 | OK | |
r-release-macos-arm64 | 1.1.3 | 67.00 | NOTE | |||
r-release-macos-x86_64 | 1.1.3 | 89.00 | NOTE | |||
r-release-windows-x86_64 | 1.1.3 | 265.00 | 114.00 | 379.00 | OK | |
r-oldrel-macos-arm64 | 1.1.3 | 100.00 | NOTE | |||
r-oldrel-macos-x86_64 | 1.1.3 | 91.00 | NOTE | |||
r-oldrel-windows-ix86+x86_64 | 1.1.3 | 338.00 | 113.00 | 451.00 | OK |
Version: 1.1.3
Check: installed package size
Result: NOTE
installed size is 5.8Mb
sub-directories of 1Mb or more:
libs 5.2Mb
Flavors: r-devel-linux-x86_64-fedora-clang, r-release-macos-arm64, r-release-macos-x86_64, r-oldrel-macos-arm64, r-oldrel-macos-x86_64