CRAN Package Check Results for Package matchMulti

Last updated on 2022-05-25 15:50:38 CEST.

Flavor Version Tinstall Tcheck Ttotal Status Flags
r-devel-linux-x86_64-debian-clang 1.1.10 15.37 156.61 171.98 OK
r-devel-linux-x86_64-debian-gcc 1.1.10 11.90 117.58 129.48 OK
r-devel-linux-x86_64-fedora-clang 1.1.10 207.63 NOTE
r-devel-linux-x86_64-fedora-gcc 1.1.10 188.71 NOTE
r-devel-windows-x86_64 1.1.10 54.00 184.00 238.00 OK
r-patched-linux-x86_64 1.1.10 12.11 146.94 159.05 OK
r-release-linux-x86_64 1.1.10 OK
r-release-macos-arm64 1.1.10 61.00 NOTE
r-release-macos-x86_64 1.1.10 98.00 NOTE
r-release-windows-x86_64 1.1.10 42.00 184.00 226.00 OK
r-oldrel-macos-arm64 1.1.10 59.00 NOTE
r-oldrel-macos-x86_64 1.1.10 75.00 NOTE
r-oldrel-windows-ix86+x86_64 1.1.10 33.00 166.00 199.00 OK

Check Details

Version: 1.1.10
Check: dependencies in R code
Result: NOTE
    Namespace in Imports field not imported from: ‘Hmisc’
     All declared Imports should be used.
Flavors: r-devel-linux-x86_64-fedora-clang, r-devel-linux-x86_64-fedora-gcc, r-release-macos-arm64, r-release-macos-x86_64, r-oldrel-macos-arm64, r-oldrel-macos-x86_64