CRAN Package Check Results for Package mason

Last updated on 2022-05-20 15:52:11 CEST.

Flavor Version Tinstall Tcheck Ttotal Status Flags
r-devel-linux-x86_64-debian-clang 0.3.0 4.40 67.94 72.34 NOTE
r-devel-linux-x86_64-debian-gcc 0.3.0 3.43 50.82 54.25 NOTE
r-devel-linux-x86_64-fedora-clang 0.3.0 85.73 NOTE
r-devel-linux-x86_64-fedora-gcc 0.3.0 82.72 NOTE
r-devel-windows-x86_64 0.3.0 21.00 86.00 107.00 NOTE
r-patched-linux-x86_64 0.3.0 4.40 62.94 67.34 NOTE
r-release-linux-x86_64 0.3.0 3.04 64.07 67.11 NOTE
r-release-macos-arm64 0.3.0 27.00 NOTE
r-release-macos-x86_64 0.3.0 45.00 NOTE
r-release-windows-x86_64 0.3.0 17.00 84.00 101.00 NOTE
r-oldrel-macos-arm64 0.3.0 27.00 NOTE
r-oldrel-macos-x86_64 0.3.0 40.00 NOTE
r-oldrel-windows-ix86+x86_64 0.3.0 12.00 75.00 87.00 NOTE

Check Details

Version: 0.3.0
Check: LazyData
Result: NOTE
     'LazyData' is specified without a 'data' directory
Flavors: r-devel-linux-x86_64-debian-clang, r-devel-linux-x86_64-debian-gcc, r-devel-linux-x86_64-fedora-clang, r-devel-linux-x86_64-fedora-gcc, r-devel-windows-x86_64, r-patched-linux-x86_64, r-release-linux-x86_64, r-release-macos-arm64, r-release-macos-x86_64, r-release-windows-x86_64, r-oldrel-macos-arm64, r-oldrel-macos-x86_64, r-oldrel-windows-ix86+x86_64