CRAN Package Check Results for Package marginaleffects

Last updated on 2022-08-10 15:51:27 CEST.

Flavor Version Tinstall Tcheck Ttotal Status Flags
r-devel-linux-x86_64-debian-clang 0.7.0 7.59 103.54 111.13 OK
r-devel-linux-x86_64-debian-gcc 0.7.0 6.76 70.86 77.62 OK
r-devel-linux-x86_64-fedora-clang 0.7.0 132.94 NOTE
r-devel-linux-x86_64-fedora-gcc 0.7.0 133.84 OK
r-devel-windows-x86_64 0.7.0 112.00 126.00 238.00 OK
r-patched-linux-x86_64 0.7.0 8.93 87.64 96.57 OK
r-release-linux-x86_64 0.7.0 OK
r-release-macos-arm64 0.6.0 6.00 ERROR
r-release-macos-x86_64 0.7.0 52.00 OK
r-release-windows-x86_64 0.7.0 640.00 127.00 767.00 OK
r-oldrel-macos-arm64 0.6.0 30.00 OK
r-oldrel-macos-x86_64 0.7.0 49.00 OK
r-oldrel-windows-ix86+x86_64 0.7.0 17.00 114.00 131.00 OK

Check Details

Version: 0.7.0
Check: Rd cross-references
Result: NOTE
    Undeclared packages ‘glmmTMB’, ‘car’ in Rd xrefs
Flavor: r-devel-linux-x86_64-fedora-clang

Version: 0.6.0
Check: package dependencies
Result: ERROR
    Package required and available but unsuitable version: ‘insight’
    
    See section ‘The DESCRIPTION file’ in the ‘Writing R Extensions’
    manual.
Flavor: r-release-macos-arm64