Last updated on 2022-05-28 03:54:48 CEST.
Flavor | Version | Tinstall | Tcheck | Ttotal | Status | Flags |
---|---|---|---|---|---|---|
r-devel-linux-x86_64-debian-clang | 0.0.6 | 46.65 | 87.73 | 134.38 | OK | |
r-devel-linux-x86_64-debian-gcc | 0.0.6 | 37.79 | 65.05 | 102.84 | OK | |
r-devel-linux-x86_64-fedora-clang | 0.0.6 | 175.88 | NOTE | |||
r-devel-linux-x86_64-fedora-gcc | 0.0.6 | 160.99 | OK | |||
r-devel-windows-x86_64 | 0.0.6 | 57.00 | 122.00 | 179.00 | OK | |
r-patched-linux-x86_64 | 0.0.6 | 35.82 | 81.83 | 117.65 | OK | |
r-release-linux-x86_64 | 0.0.6 | 41.19 | 81.18 | 122.37 | OK | |
r-release-macos-arm64 | 0.0.6 | 42.00 | NOTE | |||
r-release-macos-x86_64 | 0.0.6 | 62.00 | NOTE | |||
r-release-windows-x86_64 | 0.0.6 | 58.00 | 131.00 | 189.00 | OK | |
r-oldrel-macos-arm64 | 0.0.6 | 61.00 | NOTE | |||
r-oldrel-macos-x86_64 | 0.0.6 | 62.00 | NOTE | |||
r-oldrel-windows-ix86+x86_64 | 0.0.6 | 117.00 | 144.00 | 261.00 | NOTE |
Version: 0.0.6
Check: installed package size
Result: NOTE
installed size is 5.0Mb
sub-directories of 1Mb or more:
doc 2.8Mb
libs 1.5Mb
Flavors: r-devel-linux-x86_64-fedora-clang, r-release-macos-arm64, r-release-macos-x86_64, r-oldrel-macos-arm64, r-oldrel-macos-x86_64, r-oldrel-windows-ix86+x86_64