CRAN Package Check Results for Package mappoly

Last updated on 2025-01-19 03:49:21 CET.

Flavor Version Tinstall Tcheck Ttotal Status Flags
r-devel-linux-x86_64-debian-clang 0.4.1 138.41 296.76 435.17 OK
r-devel-linux-x86_64-debian-gcc 0.4.1 101.54 205.99 307.53 OK
r-devel-linux-x86_64-fedora-clang 0.4.1 818.84 OK
r-devel-linux-x86_64-fedora-gcc 0.4.1 804.55 OK
r-devel-windows-x86_64 0.4.1 135.00 294.00 429.00 OK
r-patched-linux-x86_64 0.4.1 127.16 275.25 402.41 NOTE
r-release-linux-x86_64 0.4.1 143.60 276.48 420.08 NOTE
r-release-macos-arm64 0.4.1 285.00 NOTE
r-release-macos-x86_64 0.4.1 271.00 NOTE
r-release-windows-x86_64 0.4.1 137.00 301.00 438.00 NOTE
r-oldrel-macos-arm64 0.4.1 110.00 NOTE
r-oldrel-macos-x86_64 0.4.1 168.00 NOTE
r-oldrel-windows-x86_64 0.4.1 166.00 362.00 528.00 NOTE

Check Details

Version: 0.4.1
Check: for GNU extensions in Makefiles
Result: NOTE GNU make is a SystemRequirements. Flavors: r-patched-linux-x86_64, r-release-linux-x86_64, r-release-macos-arm64, r-release-macos-x86_64, r-release-windows-x86_64, r-oldrel-macos-arm64, r-oldrel-macos-x86_64, r-oldrel-windows-x86_64

Version: 0.4.1
Check: installed package size
Result: NOTE installed size is 12.5Mb sub-directories of 1Mb or more: R 2.8Mb data 3.0Mb libs 4.7Mb Flavors: r-release-macos-arm64, r-release-macos-x86_64, r-release-windows-x86_64, r-oldrel-macos-arm64, r-oldrel-macos-x86_64, r-oldrel-windows-x86_64