CRAN Package Check Results for Package mapedit

Last updated on 2022-05-16 15:53:17 CEST.

Flavor Version Tinstall Tcheck Ttotal Status Flags
r-devel-linux-x86_64-debian-clang 0.6.0 5.47 65.40 70.87 NOTE
r-devel-linux-x86_64-debian-gcc 0.6.0 4.01 48.54 52.55 NOTE
r-devel-linux-x86_64-fedora-clang 0.6.0 82.12 NOTE
r-devel-linux-x86_64-fedora-gcc 0.6.0 85.98 NOTE
r-devel-windows-x86_64 0.6.0 18.00 80.00 98.00 NOTE
r-patched-linux-x86_64 0.6.0 10.99 61.53 72.52 NOTE
r-release-linux-x86_64 0.6.0 5.91 62.18 68.09 NOTE
r-release-macos-arm64 0.6.0 23.00 NOTE
r-release-macos-x86_64 0.6.0 41.00 NOTE
r-release-windows-x86_64 0.6.0 22.00 81.00 103.00 NOTE
r-oldrel-macos-arm64 0.6.0 24.00 NOTE
r-oldrel-macos-x86_64 0.6.0 41.00 NOTE
r-oldrel-windows-ix86+x86_64 0.6.0 15.00 79.00 94.00 NOTE

Check Details

Version: 0.6.0
Check: LazyData
Result: NOTE
     'LazyData' is specified without a 'data' directory
Flavors: r-devel-linux-x86_64-debian-clang, r-devel-linux-x86_64-debian-gcc, r-devel-linux-x86_64-fedora-clang, r-devel-linux-x86_64-fedora-gcc, r-devel-windows-x86_64, r-patched-linux-x86_64, r-release-linux-x86_64, r-release-macos-arm64, r-release-macos-x86_64, r-release-windows-x86_64, r-oldrel-macos-arm64, r-oldrel-macos-x86_64, r-oldrel-windows-ix86+x86_64