CRAN Package Check Results for Package mapcan

Last updated on 2022-05-24 15:52:50 CEST.

Flavor Version Tinstall Tcheck Ttotal Status Flags
r-devel-linux-x86_64-debian-clang 0.0.1 5.39 54.83 60.22 OK
r-devel-linux-x86_64-debian-gcc 0.0.1 5.07 41.75 46.82 OK
r-devel-linux-x86_64-fedora-clang 0.0.1 72.79 NOTE
r-devel-linux-x86_64-fedora-gcc 0.0.1 60.29 NOTE
r-devel-windows-x86_64 0.0.1 40.00 80.00 120.00 OK
r-patched-linux-x86_64 0.0.1 6.34 53.04 59.38 OK
r-release-linux-x86_64 0.0.1 OK
r-release-macos-arm64 0.0.1 28.00 NOTE
r-release-macos-x86_64 0.0.1 49.00 NOTE
r-release-windows-x86_64 0.0.1 42.00 84.00 126.00 OK
r-oldrel-macos-arm64 0.0.1 42.00 NOTE
r-oldrel-macos-x86_64 0.0.1 43.00 NOTE
r-oldrel-windows-ix86+x86_64 0.0.1 14.00 57.00 71.00 OK

Check Details

Version: 0.0.1
Check: dependencies in R code
Result: NOTE
    Namespace in Imports field not imported from: ‘dplyr’
     All declared Imports should be used.
Flavors: r-devel-linux-x86_64-fedora-clang, r-devel-linux-x86_64-fedora-gcc, r-release-macos-arm64, r-release-macos-x86_64, r-oldrel-macos-arm64, r-oldrel-macos-x86_64

Version: 0.0.1
Check: data for non-ASCII characters
Result: NOTE
     Note: found 3058 marked UTF-8 strings
Flavors: r-devel-linux-x86_64-fedora-clang, r-devel-linux-x86_64-fedora-gcc, r-release-macos-arm64, r-release-macos-x86_64, r-oldrel-macos-arm64, r-oldrel-macos-x86_64