Last updated on 2022-05-18 15:49:07 CEST.
Flavor | Version | Tinstall | Tcheck | Ttotal | Status | Flags |
---|---|---|---|---|---|---|
r-devel-linux-x86_64-debian-clang | 0.2.4 | 130.51 | 110.55 | 241.06 | OK | |
r-devel-linux-x86_64-debian-gcc | 0.2.4 | 100.36 | 83.88 | 184.24 | OK | |
r-devel-linux-x86_64-fedora-clang | 0.2.4 | 330.76 | OK | |||
r-devel-linux-x86_64-fedora-gcc | 0.2.4 | 297.97 | OK | |||
r-devel-windows-x86_64 | 0.2.4 | 114.00 | 158.00 | 272.00 | OK | |
r-patched-linux-x86_64 | 0.2.4 | 106.84 | 105.29 | 212.13 | OK | |
r-release-linux-x86_64 | 0.2.4 | 109.81 | 104.65 | 214.46 | OK | |
r-release-macos-arm64 | 0.2.4 | 74.00 | NOTE | |||
r-release-macos-x86_64 | 0.2.4 | 97.00 | NOTE | |||
r-release-windows-x86_64 | 0.2.4 | 111.00 | 162.00 | 273.00 | OK | |
r-oldrel-macos-arm64 | 0.2.4 | 73.00 | NOTE | |||
r-oldrel-macos-x86_64 | 0.2.4 | 92.00 | NOTE | |||
r-oldrel-windows-ix86+x86_64 | 0.2.4 | 314.00 | 181.00 | 495.00 | OK |
Version: 0.2.4
Check: installed package size
Result: NOTE
installed size is 6.2Mb
sub-directories of 1Mb or more:
libs 5.9Mb
Flavors: r-release-macos-arm64, r-release-macos-x86_64, r-oldrel-macos-arm64, r-oldrel-macos-x86_64