Last updated on 2022-05-25 04:55:29 CEST.
Flavor | Version | Tinstall | Tcheck | Ttotal | Status | Flags |
---|---|---|---|---|---|---|
r-devel-linux-x86_64-debian-clang | 1.5.0 | 11.37 | 89.25 | 100.62 | NOTE | |
r-devel-linux-x86_64-debian-gcc | 1.5.0 | 7.23 | 67.33 | 74.56 | NOTE | |
r-devel-linux-x86_64-fedora-clang | 1.5.0 | 121.37 | NOTE | |||
r-devel-linux-x86_64-fedora-gcc | 1.5.0 | 105.78 | NOTE | |||
r-devel-windows-x86_64 | 1.5.0 | 79.00 | 106.00 | 185.00 | NOTE | |
r-patched-linux-x86_64 | 1.5.0 | 14.60 | 85.81 | 100.41 | NOTE | |
r-release-linux-x86_64 | 1.5.0 | NOTE | ||||
r-release-macos-arm64 | 1.5.0 | 29.00 | NOTE | |||
r-release-macos-x86_64 | 1.5.0 | 60.00 | NOTE | |||
r-release-windows-x86_64 | 1.5.0 | 88.00 | 109.00 | 197.00 | NOTE | |
r-oldrel-macos-arm64 | 1.5.0 | 35.00 | NOTE | |||
r-oldrel-macos-x86_64 | 1.5.0 | 49.00 | NOTE | |||
r-oldrel-windows-ix86+x86_64 | 1.5.0 | 23.00 | 101.00 | 124.00 | NOTE |
Version: 1.5.0
Check: LazyData
Result: NOTE
'LazyData' is specified without a 'data' directory
Flavors: r-devel-linux-x86_64-debian-clang, r-devel-linux-x86_64-debian-gcc, r-devel-linux-x86_64-fedora-clang, r-devel-linux-x86_64-fedora-gcc, r-devel-windows-x86_64, r-patched-linux-x86_64, r-release-linux-x86_64, r-release-macos-arm64, r-release-macos-x86_64, r-release-windows-x86_64, r-oldrel-macos-arm64, r-oldrel-macos-x86_64, r-oldrel-windows-ix86+x86_64