CRAN Package Check Results for Package manhattanly

Last updated on 2024-02-26 15:53:05 CET.

Flavor Version Tinstall Tcheck Ttotal Status Flags
r-devel-linux-x86_64-debian-clang 0.3.0 3.17 37.49 40.66 OK
r-devel-linux-x86_64-debian-gcc 0.3.0 2.15 29.10 31.25 OK
r-devel-linux-x86_64-fedora-clang 0.3.0 50.98 NOTE
r-devel-linux-x86_64-fedora-gcc 0.3.0 60.80 NOTE
r-devel-windows-x86_64 0.3.0 4.00 54.00 58.00 OK
r-patched-linux-x86_64 0.3.0 9.59 36.55 46.14 OK
r-release-linux-x86_64 0.3.0 2.24 36.57 38.81 OK
r-release-macos-arm64 0.3.0 30.00 OK
r-release-macos-x86_64 0.3.0 31.00 OK
r-release-windows-x86_64 0.3.0 5.00 57.00 62.00 OK
r-oldrel-macos-arm64 0.3.0 24.00 NOTE
r-oldrel-windows-x86_64 0.3.0 5.00 58.00 63.00 OK

Check Details

Version: 0.3.0
Check: dependencies in R code
Result: NOTE Namespace in Imports field not imported from: ‘ggplot2’ All declared Imports should be used. Flavors: r-devel-linux-x86_64-fedora-clang, r-devel-linux-x86_64-fedora-gcc, r-oldrel-macos-arm64