CRAN Package Check Results for Package mandelbrot

Last updated on 2023-09-22 04:01:16 CEST.

Flavor Version Tinstall Tcheck Ttotal Status Flags
r-devel-linux-x86_64-debian-clang 0.2.0 2.87 29.37 32.24 NOTE
r-devel-linux-x86_64-debian-gcc 0.2.0 2.28 22.23 24.51 NOTE
r-devel-linux-x86_64-fedora-clang 0.2.0 41.11 NOTE
r-devel-linux-x86_64-fedora-gcc 0.2.0 39.15 NOTE
r-devel-windows-x86_64 0.2.0 6.00 54.00 60.00 NOTE
r-patched-linux-x86_64 0.2.0 2.75 27.99 30.74 NOTE
r-release-linux-x86_64 0.2.0 2.21 27.66 29.87 NOTE
r-release-macos-arm64 0.2.0 21.00 NOTE
r-release-macos-x86_64 0.2.0 27.00 NOTE
r-release-windows-x86_64 0.2.0 6.00 52.00 58.00 NOTE
r-oldrel-macos-arm64 0.2.0 20.00 NOTE
r-oldrel-macos-x86_64 0.2.0 25.00 NOTE
r-oldrel-windows-x86_64 0.2.0 6.00 50.00 56.00 NOTE

Check Details

Version: 0.2.0
Check: LazyData
Result: NOTE
     'LazyData' is specified without a 'data' directory
Flavors: r-devel-linux-x86_64-debian-clang, r-devel-linux-x86_64-debian-gcc, r-devel-linux-x86_64-fedora-clang, r-devel-linux-x86_64-fedora-gcc, r-devel-windows-x86_64, r-patched-linux-x86_64, r-release-linux-x86_64, r-release-macos-arm64, r-release-macos-x86_64, r-release-windows-x86_64, r-oldrel-macos-arm64, r-oldrel-macos-x86_64, r-oldrel-windows-x86_64