CRAN Package Check Results for Package mandelbrot

Last updated on 2022-09-28 15:49:58 CEST.

Flavor Version Tinstall Tcheck Ttotal Status Flags
r-devel-linux-x86_64-debian-clang 0.2.0 2.83 28.89 31.72 NOTE
r-devel-linux-x86_64-debian-gcc 0.2.0 2.22 22.76 24.98 NOTE
r-devel-linux-x86_64-fedora-clang 0.2.0 52.02 NOTE
r-devel-linux-x86_64-fedora-gcc 0.2.0 48.95 NOTE
r-devel-windows-x86_64 0.2.0 6.00 64.00 70.00 NOTE
r-patched-linux-x86_64 0.2.0 2.79 27.64 30.43 NOTE
r-release-linux-x86_64 0.2.0 2.47 27.46 29.93 NOTE
r-release-macos-arm64 0.2.0 20.00 NOTE
r-release-macos-x86_64 0.2.0 25.00 NOTE
r-release-windows-x86_64 0.2.0 16.00 58.00 74.00 NOTE
r-oldrel-macos-arm64 0.2.0 27.00 NOTE
r-oldrel-macos-x86_64 0.2.0 31.00 NOTE
r-oldrel-windows-ix86+x86_64 0.2.0 8.00 71.00 79.00 NOTE

Check Details

Version: 0.2.0
Check: LazyData
Result: NOTE
     'LazyData' is specified without a 'data' directory
Flavors: r-devel-linux-x86_64-debian-clang, r-devel-linux-x86_64-debian-gcc, r-devel-linux-x86_64-fedora-clang, r-devel-linux-x86_64-fedora-gcc, r-devel-windows-x86_64, r-patched-linux-x86_64, r-release-linux-x86_64, r-release-macos-arm64, r-release-macos-x86_64, r-release-windows-x86_64, r-oldrel-macos-arm64, r-oldrel-macos-x86_64, r-oldrel-windows-ix86+x86_64