Last updated on 2022-06-27 15:53:47 CEST.
Flavor | Version | Tinstall | Tcheck | Ttotal | Status | Flags |
---|---|---|---|---|---|---|
r-devel-linux-x86_64-debian-clang | 1.0.2 | 311.98 | 102.72 | 414.70 | OK | |
r-devel-linux-x86_64-debian-gcc | 1.0.2 | 262.90 | 76.56 | 339.46 | OK | |
r-devel-linux-x86_64-fedora-clang | 1.0.2 | 627.06 | NOTE | |||
r-devel-linux-x86_64-fedora-gcc | 1.0.2 | 558.65 | OK | |||
r-devel-windows-x86_64 | 1.0.2 | 266.00 | 171.00 | 437.00 | OK | |
r-patched-linux-x86_64 | 1.0.2 | 276.35 | 95.56 | 371.91 | OK | |
r-release-linux-x86_64 | 1.0.2 | 277.61 | 96.33 | 373.94 | OK | |
r-release-macos-arm64 | 1.0.2 | 141.00 | NOTE | |||
r-release-macos-x86_64 | 1.0.2 | 234.00 | NOTE | |||
r-release-windows-x86_64 | 1.0.2 | 271.00 | 158.00 | 429.00 | OK | |
r-oldrel-macos-arm64 | 1.0.2 | 188.00 | NOTE | |||
r-oldrel-macos-x86_64 | 1.0.2 | 241.00 | NOTE | |||
r-oldrel-windows-ix86+x86_64 | 1.0.2 | 785.00 | 183.00 | 968.00 | OK |
Version: 1.0.2
Check: installed package size
Result: NOTE
installed size is 8.6Mb
sub-directories of 1Mb or more:
libs 7.6Mb
Flavors: r-devel-linux-x86_64-fedora-clang, r-release-macos-arm64, r-release-macos-x86_64, r-oldrel-macos-arm64, r-oldrel-macos-x86_64