Last updated on 2022-07-02 03:51:32 CEST.
Flavor | Version | Tinstall | Tcheck | Ttotal | Status | Flags |
---|---|---|---|---|---|---|
r-devel-linux-x86_64-debian-clang | 0.2-8 | 96.33 | 78.18 | 174.51 | OK | |
r-devel-linux-x86_64-debian-gcc | 0.2-8 | 85.14 | 58.81 | 143.95 | OK | |
r-devel-linux-x86_64-fedora-clang | 0.2-8 | 244.80 | OK | |||
r-devel-linux-x86_64-fedora-gcc | 0.2-8 | 241.17 | OK | |||
r-devel-windows-x86_64 | 0.2-8 | 213.00 | 203.00 | 416.00 | NOTE | |
r-patched-linux-x86_64 | 0.2-8 | 90.95 | 74.49 | 165.44 | OK | |
r-release-linux-x86_64 | 0.2-8 | 89.96 | 74.67 | 164.63 | OK | |
r-release-macos-arm64 | 0.2-8 | 67.00 | NOTE | |||
r-release-macos-x86_64 | 0.2-8 | 91.00 | NOTE | |||
r-release-windows-x86_64 | 0.2-8 | 275.00 | 213.00 | 488.00 | NOTE | |
r-oldrel-macos-arm64 | 0.2-8 | 76.00 | NOTE | |||
r-oldrel-macos-x86_64 | 0.2-8 | 89.00 | NOTE | |||
r-oldrel-windows-ix86+x86_64 | 0.2-8 | 291.00 | 223.00 | 514.00 | NOTE |
Version: 0.2-8
Check: installed package size
Result: NOTE
installed size is 11.4Mb
sub-directories of 1Mb or more:
libs 11.3Mb
Flavors: r-devel-windows-x86_64, r-release-macos-arm64, r-release-macos-x86_64, r-release-windows-x86_64, r-oldrel-macos-arm64, r-oldrel-macos-x86_64, r-oldrel-windows-ix86+x86_64