Last updated on 2023-09-30 04:15:25 CEST.
Flavor | Version | Tinstall | Tcheck | Ttotal | Status | Flags |
---|---|---|---|---|---|---|
r-devel-linux-x86_64-debian-clang | 0.2.1 | 55.62 | 68.65 | 124.27 | NOTE | |
r-devel-linux-x86_64-debian-gcc | 0.2.1 | 45.83 | 51.95 | 97.78 | NOTE | |
r-devel-linux-x86_64-fedora-clang | 0.2.1 | 156.09 | NOTE | |||
r-devel-linux-x86_64-fedora-gcc | 0.2.1 | 155.46 | NOTE | |||
r-devel-windows-x86_64 | 0.2.1 | 44.00 | 71.00 | 115.00 | NOTE | |
r-patched-linux-x86_64 | 0.2.1 | 60.85 | 65.68 | 126.53 | NOTE | |
r-release-linux-x86_64 | 0.2.1 | 54.36 | 65.26 | 119.62 | NOTE | |
r-release-macos-arm64 | 0.2.1 | 70.00 | NOTE | |||
r-release-macos-x86_64 | 0.2.1 | 92.00 | NOTE | |||
r-release-windows-x86_64 | 0.2.1 | 63.00 | 77.00 | 140.00 | NOTE | |
r-oldrel-macos-arm64 | 0.2.1 | 66.00 | OK | |||
r-oldrel-macos-x86_64 | 0.2.1 | 72.00 | OK | |||
r-oldrel-windows-x86_64 | 0.2.1 | 61.00 | 83.00 | 144.00 | NOTE |
Version: 0.2.1
Check: package dependencies
Result: NOTE
Package suggested but not available for checking: ‘depth’
Flavors: r-devel-linux-x86_64-debian-clang, r-devel-linux-x86_64-debian-gcc, r-devel-linux-x86_64-fedora-clang, r-devel-linux-x86_64-fedora-gcc, r-devel-windows-x86_64, r-patched-linux-x86_64, r-release-linux-x86_64, r-release-macos-arm64, r-release-macos-x86_64, r-release-windows-x86_64, r-oldrel-windows-x86_64