CRAN Package Check Results for Package lucas

Last updated on 2022-06-29 15:49:57 CEST.

Flavor Version Tinstall Tcheck Ttotal Status Flags
r-devel-linux-x86_64-debian-clang 1.0 4.85 40.51 45.36 NOTE
r-devel-linux-x86_64-debian-gcc 1.0 3.44 31.15 34.59 NOTE
r-devel-linux-x86_64-fedora-clang 1.0 64.88 NOTE
r-devel-linux-x86_64-fedora-gcc 1.0 64.18 NOTE
r-devel-windows-x86_64 1.0 14.00 64.00 78.00 NOTE
r-patched-linux-x86_64 1.0 4.25 38.83 43.08 NOTE
r-release-linux-x86_64 1.0 4.92 38.81 43.73 NOTE
r-release-macos-arm64 1.0 21.00 NOTE
r-release-macos-x86_64 1.0 27.00 NOTE
r-release-windows-x86_64 1.0 17.00 70.00 87.00 NOTE
r-oldrel-macos-arm64 1.0 27.00 NOTE
r-oldrel-macos-x86_64 1.0 39.00 NOTE
r-oldrel-windows-ix86+x86_64 1.0 11.00 59.00 70.00 NOTE

Check Details

Version: 1.0
Check: LazyData
Result: NOTE
     'LazyData' is specified without a 'data' directory
Flavors: r-devel-linux-x86_64-debian-clang, r-devel-linux-x86_64-debian-gcc, r-devel-linux-x86_64-fedora-clang, r-devel-linux-x86_64-fedora-gcc, r-devel-windows-x86_64, r-patched-linux-x86_64, r-release-linux-x86_64, r-release-macos-arm64, r-release-macos-x86_64, r-release-windows-x86_64, r-oldrel-macos-arm64, r-oldrel-macos-x86_64, r-oldrel-windows-ix86+x86_64

Version: 1.0
Check: dependencies in R code
Result: NOTE
    Namespace in Imports field not imported from: ‘rpostgis’
     All declared Imports should be used.
Flavors: r-devel-linux-x86_64-fedora-clang, r-devel-linux-x86_64-fedora-gcc, r-release-macos-arm64, r-release-macos-x86_64, r-oldrel-macos-arm64, r-oldrel-macos-x86_64