CRAN Package Check Results for Package lspartition

Last updated on 2022-05-20 15:52:11 CEST.

Flavor Version Tinstall Tcheck Ttotal Status Flags
r-devel-linux-x86_64-debian-clang 0.4 14.95 117.56 132.51 NOTE
r-devel-linux-x86_64-debian-gcc 0.4 13.07 88.54 101.61 NOTE
r-devel-linux-x86_64-fedora-clang 0.4 156.66 NOTE
r-devel-linux-x86_64-fedora-gcc 0.4 155.47 NOTE
r-devel-windows-x86_64 0.4 28.00 119.00 147.00 NOTE
r-patched-linux-x86_64 0.4 21.07 111.61 132.68 NOTE
r-release-linux-x86_64 0.4 13.85 111.11 124.96 NOTE
r-release-macos-arm64 0.4 42.00 NOTE
r-release-macos-x86_64 0.4 76.00 NOTE
r-release-windows-x86_64 0.4 36.00 124.00 160.00 NOTE
r-oldrel-macos-arm64 0.4 57.00 NOTE
r-oldrel-macos-x86_64 0.4 62.00 NOTE
r-oldrel-windows-ix86+x86_64 0.4 33.00 120.00 153.00 NOTE

Check Details

Version: 0.4
Check: LazyData
Result: NOTE
     'LazyData' is specified without a 'data' directory
Flavors: r-devel-linux-x86_64-debian-clang, r-devel-linux-x86_64-debian-gcc, r-devel-linux-x86_64-fedora-clang, r-devel-linux-x86_64-fedora-gcc, r-devel-windows-x86_64, r-patched-linux-x86_64, r-release-linux-x86_64, r-release-macos-arm64, r-release-macos-x86_64, r-release-windows-x86_64, r-oldrel-macos-arm64, r-oldrel-macos-x86_64, r-oldrel-windows-ix86+x86_64