Last updated on 2022-07-02 03:51:32 CEST.
Flavor | Version | Tinstall | Tcheck | Ttotal | Status | Flags |
---|---|---|---|---|---|---|
r-devel-linux-x86_64-debian-clang | 5.6.15 | 33.10 | 23.66 | 56.76 | NOTE | |
r-devel-linux-x86_64-debian-gcc | 5.6.15 | 28.79 | 18.08 | 46.87 | NOTE | |
r-devel-linux-x86_64-fedora-clang | 5.6.15 | 87.02 | NOTE | |||
r-devel-linux-x86_64-fedora-gcc | 5.6.15 | 84.34 | NOTE | |||
r-devel-windows-x86_64 | 5.6.15 | 81.00 | 52.00 | 133.00 | NOTE | |
r-patched-linux-x86_64 | 5.6.15 | 31.54 | 22.76 | 54.30 | OK | |
r-release-linux-x86_64 | 5.6.15 | 30.96 | 22.87 | 53.83 | OK | |
r-release-macos-arm64 | 5.6.15 | 27.00 | OK | |||
r-release-macos-x86_64 | 5.6.15 | 38.00 | OK | |||
r-release-windows-x86_64 | 5.6.15 | 83.00 | 53.00 | 136.00 | OK | |
r-oldrel-macos-arm64 | 5.6.15 | 44.00 | OK | |||
r-oldrel-macos-x86_64 | 5.6.15 | 52.00 | OK | |||
r-oldrel-windows-ix86+x86_64 | 5.6.15 | 161.00 | 40.00 | 201.00 | OK |
Version: 5.6.15
Check: Rd files
Result: NOTE
checkRd: (-1) lp.Rd:4: Escaped LaTeX specials: \_
checkRd: (-1) lp.Rd:53: Escaped LaTeX specials: \_
checkRd: (-1) lp.assign.Rd:4: Escaped LaTeX specials: \_
checkRd: (-1) lp.transport.Rd:4: Escaped LaTeX specials: \_
Flavors: r-devel-linux-x86_64-debian-clang, r-devel-linux-x86_64-debian-gcc, r-devel-linux-x86_64-fedora-clang, r-devel-linux-x86_64-fedora-gcc, r-devel-windows-x86_64