Last updated on 2022-05-16 15:53:16 CEST.
Flavor | Version | Tinstall | Tcheck | Ttotal | Status | Flags |
---|---|---|---|---|---|---|
r-devel-linux-x86_64-debian-clang | 2.1 | 9.52 | 220.15 | 229.67 | NOTE | |
r-devel-linux-x86_64-debian-gcc | 2.1 | 7.57 | 159.13 | 166.70 | NOTE | |
r-devel-linux-x86_64-fedora-clang | 2.1 | 260.45 | NOTE | |||
r-devel-linux-x86_64-fedora-gcc | 2.1 | 254.94 | NOTE | |||
r-devel-windows-x86_64 | 2.1 | 30.00 | 255.00 | 285.00 | NOTE | |
r-patched-linux-x86_64 | 2.1 | 11.02 | 204.31 | 215.33 | NOTE | |
r-release-linux-x86_64 | 2.1 | 8.03 | 207.27 | 215.30 | NOTE | |
r-release-macos-arm64 | 2.1 | 98.00 | NOTE | |||
r-release-macos-x86_64 | 2.1 | 162.00 | NOTE | |||
r-release-windows-x86_64 | 2.1 | 34.00 | 262.00 | 296.00 | NOTE | |
r-oldrel-macos-arm64 | 2.1 | 170.00 | NOTE | |||
r-oldrel-macos-x86_64 | 2.1 | 168.00 | NOTE | |||
r-oldrel-windows-ix86+x86_64 | 2.1 | 23.00 | 276.00 | 299.00 | NOTE |
Version: 2.1
Check: LazyData
Result: NOTE
'LazyData' is specified without a 'data' directory
Flavors: r-devel-linux-x86_64-debian-clang, r-devel-linux-x86_64-debian-gcc, r-devel-linux-x86_64-fedora-clang, r-devel-linux-x86_64-fedora-gcc, r-devel-windows-x86_64, r-patched-linux-x86_64, r-release-linux-x86_64, r-release-macos-arm64, r-release-macos-x86_64, r-release-windows-x86_64, r-oldrel-macos-arm64, r-oldrel-macos-x86_64, r-oldrel-windows-ix86+x86_64
Version: 2.1
Check: dependencies in R code
Result: NOTE
Namespace in Imports field not imported from: ‘ggplot2’
All declared Imports should be used.
Flavors: r-devel-linux-x86_64-fedora-clang, r-devel-linux-x86_64-fedora-gcc, r-release-macos-arm64, r-release-macos-x86_64, r-oldrel-macos-arm64, r-oldrel-macos-x86_64