Last updated on 2023-06-10 03:56:26 CEST.
Flavor | Version | Tinstall | Tcheck | Ttotal | Status | Flags |
---|---|---|---|---|---|---|
r-devel-linux-x86_64-debian-clang | 2.1 | 11.44 | 262.84 | 274.28 | NOTE | |
r-devel-linux-x86_64-debian-gcc | 2.1 | 9.15 | 194.94 | 204.09 | NOTE | |
r-devel-linux-x86_64-fedora-clang | 2.1 | 334.71 | NOTE | |||
r-devel-linux-x86_64-fedora-gcc | 2.1 | 337.85 | NOTE | |||
r-devel-windows-x86_64 | 2.1 | 11.00 | 220.00 | 231.00 | NOTE | |
r-patched-linux-x86_64 | 2.1 | 13.45 | 246.47 | 259.92 | NOTE | |
r-release-linux-x86_64 | 2.1 | 9.34 | 246.07 | 255.41 | NOTE | |
r-release-macos-arm64 | 2.1 | 116.00 | NOTE | |||
r-release-macos-x86_64 | 2.1 | 189.00 | NOTE | |||
r-release-windows-x86_64 | 2.1 | 12.00 | 270.00 | 282.00 | NOTE | |
r-oldrel-macos-arm64 | 2.1 | 98.00 | NOTE | |||
r-oldrel-macos-x86_64 | 2.1 | 162.00 | NOTE | |||
r-oldrel-windows-x86_64 | 2.1 | 13.00 | 259.00 | 272.00 | NOTE |
Version: 2.1
Check: LazyData
Result: NOTE
'LazyData' is specified without a 'data' directory
Flavors: r-devel-linux-x86_64-debian-clang, r-devel-linux-x86_64-debian-gcc, r-devel-linux-x86_64-fedora-clang, r-devel-linux-x86_64-fedora-gcc, r-devel-windows-x86_64, r-patched-linux-x86_64, r-release-linux-x86_64, r-release-macos-arm64, r-release-macos-x86_64, r-release-windows-x86_64, r-oldrel-macos-arm64, r-oldrel-macos-x86_64, r-oldrel-windows-x86_64
Version: 2.1
Check: dependencies in R code
Result: NOTE
Namespace in Imports field not imported from: ‘ggplot2’
All declared Imports should be used.
Flavors: r-devel-linux-x86_64-fedora-clang, r-devel-linux-x86_64-fedora-gcc, r-oldrel-macos-arm64, r-oldrel-macos-x86_64