CRAN Package Check Results for Package lmds

Last updated on 2024-02-27 04:07:09 CET.

Flavor Version Tinstall Tcheck Ttotal Status Flags
r-devel-linux-x86_64-debian-clang 0.1.0 10.55 95.46 106.01 NOTE
r-devel-linux-x86_64-debian-gcc 0.1.0 7.96 72.25 80.21 NOTE
r-devel-linux-x86_64-fedora-clang 0.1.0 132.95 NOTE
r-devel-linux-x86_64-fedora-gcc 0.1.0 127.13 NOTE
r-devel-windows-x86_64 0.1.0 9.00 85.00 94.00 NOTE
r-patched-linux-x86_64 0.1.0 11.91 92.50 104.41 NOTE
r-release-linux-x86_64 0.1.0 10.37 92.66 103.03 NOTE
r-release-macos-arm64 0.1.0 41.00 NOTE
r-release-macos-x86_64 0.1.0 73.00 NOTE
r-release-windows-x86_64 0.1.0 12.00 99.00 111.00 NOTE
r-oldrel-macos-arm64 0.1.0 41.00 NOTE
r-oldrel-windows-x86_64 0.1.0 12.00 102.00 114.00 NOTE

Check Details

Version: 0.1.0
Check: LazyData
Result: NOTE 'LazyData' is specified without a 'data' directory Flavors: r-devel-linux-x86_64-debian-clang, r-devel-linux-x86_64-debian-gcc, r-devel-linux-x86_64-fedora-clang, r-devel-linux-x86_64-fedora-gcc, r-devel-windows-x86_64, r-patched-linux-x86_64, r-release-linux-x86_64, r-release-macos-arm64, r-release-macos-x86_64, r-release-windows-x86_64, r-oldrel-macos-arm64, r-oldrel-windows-x86_64

Version: 0.1.0
Check: dependencies in R code
Result: NOTE Namespace in Imports field not imported from: ‘Matrix’ All declared Imports should be used. Flavors: r-devel-linux-x86_64-fedora-clang, r-devel-linux-x86_64-fedora-gcc, r-oldrel-macos-arm64