CRAN Package Check Results for Package lmQCM

Last updated on 2022-06-26 15:53:03 CEST.

Flavor Version Tinstall Tcheck Ttotal Status Flags
r-devel-linux-x86_64-debian-clang 0.2.3 31.10 248.88 279.98 NOTE
r-devel-linux-x86_64-debian-gcc 0.2.3 22.42 182.93 205.35 NOTE
r-devel-linux-x86_64-fedora-clang 0.2.3 336.25 NOTE
r-devel-linux-x86_64-fedora-gcc 0.2.3 329.69 NOTE
r-devel-windows-x86_64 0.2.3 25.00 237.00 262.00 NOTE
r-patched-linux-x86_64 0.2.3 23.83 235.48 259.31 NOTE
r-release-linux-x86_64 0.2.3 27.10 235.39 262.49 NOTE
r-release-macos-arm64 0.2.3 86.00 NOTE
r-release-macos-x86_64 0.2.3 116.00 NOTE
r-release-windows-x86_64 0.2.3 25.00 238.00 263.00 NOTE
r-oldrel-macos-arm64 0.2.3 106.00 NOTE
r-oldrel-macos-x86_64 0.2.3 118.00 NOTE
r-oldrel-windows-ix86+x86_64 0.2.3 57.00 235.00 292.00 NOTE

Check Details

Version: 0.2.3
Check: LazyData
Result: NOTE
     'LazyData' is specified without a 'data' directory
Flavors: r-devel-linux-x86_64-debian-clang, r-devel-linux-x86_64-debian-gcc, r-devel-linux-x86_64-fedora-clang, r-devel-linux-x86_64-fedora-gcc, r-devel-windows-x86_64, r-patched-linux-x86_64, r-release-linux-x86_64, r-release-macos-arm64, r-release-macos-x86_64, r-release-windows-x86_64, r-oldrel-macos-arm64, r-oldrel-macos-x86_64, r-oldrel-windows-ix86+x86_64