CRAN Package Check Results for Package lmPerm

Last updated on 2022-10-03 15:54:01 CEST.

Flavor Version Tinstall Tcheck Ttotal Status Flags
r-devel-linux-x86_64-debian-clang 2.1.0 5.44 50.18 55.62 OK
r-devel-linux-x86_64-debian-gcc 2.1.0 4.17 38.21 42.38 OK
r-devel-linux-x86_64-fedora-clang 2.1.0 82.90 NOTE
r-devel-linux-x86_64-fedora-gcc 2.1.0 78.78 NOTE
r-devel-windows-x86_64 2.1.0 20.00 100.00 120.00 OK
r-patched-linux-x86_64 2.1.0 6.00 46.61 52.61 OK
r-release-linux-x86_64 2.1.0 4.62 47.51 52.13 OK
r-release-macos-arm64 2.1.0 28.00 OK
r-release-macos-x86_64 2.1.0 37.00 OK
r-release-windows-x86_64 2.1.0 20.00 98.00 118.00 OK
r-oldrel-macos-arm64 2.1.0 32.00 OK
r-oldrel-macos-x86_64 2.1.0 53.00 OK
r-oldrel-windows-ix86+x86_64 2.1.0 12.00 83.00 95.00 OK

Check Details

Version: 2.1.0
Check: compiled code
Result: NOTE
    File ‘lmPerm/libs/lmPerm.so’:
     Found no calls to: ‘R_registerRoutines’, ‘R_useDynamicSymbols’
    
    It is good practice to register native routines and to disable symbol
    search.
    
    See ‘Writing portable packages’ in the ‘Writing R Extensions’ manual.
Flavors: r-devel-linux-x86_64-fedora-clang, r-devel-linux-x86_64-fedora-gcc