CRAN Package Check Results for Package lineartestr

Last updated on 2022-05-26 03:53:12 CEST.

Flavor Version Tinstall Tcheck Ttotal Status Flags
r-devel-linux-x86_64-debian-clang 1.0.0 2.79 47.59 50.38 NOTE
r-devel-linux-x86_64-debian-gcc 1.0.0 2.06 35.47 37.53 NOTE
r-devel-linux-x86_64-fedora-clang 1.0.0 59.68 NOTE
r-devel-linux-x86_64-fedora-gcc 1.0.0 57.11 NOTE
r-devel-windows-x86_64 1.0.0 27.00 72.00 99.00 NOTE
r-patched-linux-x86_64 1.0.0 2.63 43.57 46.20 NOTE
r-release-linux-x86_64 1.0.0 NOTE
r-release-macos-arm64 1.0.0 16.00 NOTE
r-release-macos-x86_64 1.0.0 35.00 NOTE
r-release-windows-x86_64 1.0.0 20.00 69.00 89.00 NOTE
r-oldrel-macos-arm64 1.0.0 25.00 NOTE
r-oldrel-macos-x86_64 1.0.0 34.00 NOTE
r-oldrel-windows-ix86+x86_64 1.0.0 8.00 56.00 64.00 NOTE

Check Details

Version: 1.0.0
Check: LazyData
Result: NOTE
     'LazyData' is specified without a 'data' directory
Flavors: r-devel-linux-x86_64-debian-clang, r-devel-linux-x86_64-debian-gcc, r-devel-linux-x86_64-fedora-clang, r-devel-linux-x86_64-fedora-gcc, r-devel-windows-x86_64, r-patched-linux-x86_64, r-release-linux-x86_64, r-release-macos-arm64, r-release-macos-x86_64, r-release-windows-x86_64, r-oldrel-macos-arm64, r-oldrel-macos-x86_64, r-oldrel-windows-ix86+x86_64