CRAN Package Check Results for Package lindia

Last updated on 2022-05-27 15:51:43 CEST.

Flavor Version Tinstall Tcheck Ttotal Status Flags
r-devel-linux-x86_64-debian-clang 0.9 5.75 77.09 82.84 NOTE
r-devel-linux-x86_64-debian-gcc 0.9 4.73 57.31 62.04 NOTE
r-devel-linux-x86_64-fedora-clang 0.9 96.91 NOTE
r-devel-linux-x86_64-fedora-gcc 0.9 94.52 NOTE
r-devel-windows-x86_64 0.9 12.00 96.00 108.00 NOTE
r-patched-linux-x86_64 0.9 5.73 70.16 75.89 NOTE
r-release-linux-x86_64 0.9 4.58 72.53 77.11 NOTE
r-release-macos-arm64 0.9 25.00 NOTE
r-release-macos-x86_64 0.9 53.00 NOTE
r-release-windows-x86_64 0.9 14.00 94.00 108.00 NOTE
r-oldrel-macos-arm64 0.9 37.00 NOTE
r-oldrel-macos-x86_64 0.9 47.00 NOTE
r-oldrel-windows-ix86+x86_64 0.9 15.00 83.00 98.00 NOTE

Check Details

Version: 0.9
Check: LazyData
Result: NOTE
     'LazyData' is specified without a 'data' directory
Flavors: r-devel-linux-x86_64-debian-clang, r-devel-linux-x86_64-debian-gcc, r-devel-linux-x86_64-fedora-clang, r-devel-linux-x86_64-fedora-gcc, r-devel-windows-x86_64, r-patched-linux-x86_64, r-release-linux-x86_64, r-release-macos-arm64, r-release-macos-x86_64, r-release-windows-x86_64, r-oldrel-macos-arm64, r-oldrel-macos-x86_64, r-oldrel-windows-ix86+x86_64