Last updated on 2022-07-04 03:52:21 CEST.
Flavor | Version | Tinstall | Tcheck | Ttotal | Status | Flags |
---|---|---|---|---|---|---|
r-devel-linux-x86_64-debian-clang | 1.7.0 | 5.10 | 82.69 | 87.79 | OK | |
r-devel-linux-x86_64-debian-gcc | 1.7.0 | 4.01 | 62.60 | 66.61 | OK | |
r-devel-linux-x86_64-fedora-clang | 1.7.0 | 116.14 | NOTE | |||
r-devel-linux-x86_64-fedora-gcc | 1.7.0 | 114.93 | OK | |||
r-devel-windows-x86_64 | 1.7.0 | 46.00 | 136.00 | 182.00 | OK | |
r-patched-linux-x86_64 | 1.7.0 | 5.37 | 82.30 | 87.67 | OK | |
r-release-linux-x86_64 | 1.7.0 | 3.87 | 80.96 | 84.83 | OK | |
r-release-macos-arm64 | 1.7.0 | 44.00 | OK | |||
r-release-macos-x86_64 | 1.7.0 | 52.00 | OK | |||
r-release-windows-x86_64 | 1.7.0 | 42.00 | 132.00 | 174.00 | OK | |
r-oldrel-macos-arm64 | 1.7.0 | 45.00 | OK | |||
r-oldrel-macos-x86_64 | 1.7.0 | 51.00 | OK | |||
r-oldrel-windows-ix86+x86_64 | 1.7.0 | 11.00 | 112.00 | 123.00 | OK |
Version: 1.7.0
Check: Rd cross-references
Result: NOTE
Undeclared package ‘future’ in Rd xrefs
Flavor: r-devel-linux-x86_64-fedora-clang