CRAN Package Check Results for Package lifecontingencies

Last updated on 2022-01-28 15:53:16 CET.

Flavor Version Tinstall Tcheck Ttotal Status Flags
r-devel-linux-x86_64-debian-clang 1.3.8 33.29 331.13 364.42 OK
r-devel-linux-x86_64-debian-gcc 1.3.8 25.42 241.14 266.56 OK
r-devel-linux-x86_64-fedora-clang 1.3.8 353.08 OK --no-vignettes
r-devel-linux-x86_64-fedora-gcc 1.3.8 356.26 OK --no-vignettes
r-devel-windows-x86_64-new-UL 1.3.8 746.00 465.00 1211.00 OK
r-devel-windows-x86_64-new-TK 1.3.8 OK
r-patched-linux-x86_64 1.3.8 29.02 318.69 347.71 OK
r-release-linux-x86_64 1.3.8 28.52 314.33 342.85 OK
r-release-macos-arm64 1.3.8 OK
r-release-macos-x86_64 1.3.8 WARN --as-cran
r-release-windows-ix86+x86_64 1.3.8 71.00 634.00 705.00 OK
r-oldrel-macos-x86_64 1.3.8 OK
r-oldrel-windows-ix86+x86_64 1.3.8 71.00 639.00 710.00 OK

Check Details

Version: 1.3.8
Flags: --as-cran
Check: CRAN incoming feasibility
Result: WARN
    Maintainer: ‘Giorgio Alfredo Spedicato <spedicato_giorgio@yahoo.it>’
    
    Insufficient package version (submitted: 1.3.8, existing: 1.3.8)
    
    Days since last update: 1
Flavor: r-release-macos-x86_64

Version: 1.3.8
Flags: --as-cran
Check: top-level files
Result: NOTE
    Files ‘README.md’ or ‘NEWS.md’ cannot be checked without ‘pandoc’ being installed.
Flavor: r-release-macos-x86_64

Version: 1.3.8
Flags: --as-cran
Check: sizes of PDF files under ‘inst/doc’
Result: NOTE
    Unable to find GhostScript executable to run checks on size reduction
Flavor: r-release-macos-x86_64