Last updated on 2025-06-13 03:49:28 CEST.
Flavor | Version | Tinstall | Tcheck | Ttotal | Status | Flags |
---|---|---|---|---|---|---|
r-devel-linux-x86_64-debian-clang | 1.1.5 | 1.74 | 17.96 | 19.70 | NOTE | |
r-devel-linux-x86_64-debian-gcc | 1.1.5 | 1.38 | 14.73 | 16.11 | NOTE | |
r-devel-linux-x86_64-fedora-clang | 1.1.5 | 30.91 | OK | |||
r-devel-linux-x86_64-fedora-gcc | 1.1.5 | 30.12 | OK | |||
r-devel-windows-x86_64 | 1.1.5 | 3.00 | 48.00 | 51.00 | OK | |
r-patched-linux-x86_64 | 1.1.5 | 1.66 | 17.07 | 18.73 | OK | |
r-release-linux-x86_64 | 1.1.5 | 1.54 | 16.72 | 18.26 | OK | |
r-release-macos-arm64 | 1.1.5 | 15.00 | OK | |||
r-release-macos-x86_64 | 1.1.5 | 24.00 | OK | |||
r-release-windows-x86_64 | 1.1.5 | 2.00 | 45.00 | 47.00 | OK | |
r-oldrel-macos-arm64 | 1.1.5 | 15.00 | OK | |||
r-oldrel-macos-x86_64 | 1.1.5 | 20.00 | OK | |||
r-oldrel-windows-x86_64 | 1.1.5 | 3.00 | 39.00 | 42.00 | OK |
Version: 1.1.5
Check: CRAN incoming feasibility
Result: NOTE
Maintainer: ‘Arthur Allignol <arthur.allignol@gmail.com>’
No Authors@R field in DESCRIPTION.
Please add one, modifying
Authors@R: c(person(given = "R.",
family = "Gentleman",
role = "aut"),
person(given = "Arthur",
family = "Allignol",
role = "cre",
email = "arthur.allignol@gmail.com"))
as necessary.
Flavors: r-devel-linux-x86_64-debian-clang, r-devel-linux-x86_64-debian-gcc